{"id":1280,"date":"2025-11-11T08:27:45","date_gmt":"2025-11-11T08:27:45","guid":{"rendered":"https:\/\/www.tamtu.com.pl\/?page_id=1280"},"modified":"2025-11-23T19:25:25","modified_gmt":"2025-11-23T19:25:25","slug":"tamtu-venue-hotele-atrakcje-turystyczne-i-obiekty-uslugowe","status":"publish","type":"page","link":"https:\/\/www.tamtu.com.pl\/index.php\/tamtu-venue-hotele-atrakcje-turystyczne-i-obiekty-uslugowe\/","title":{"rendered":"TamTu VENUE Hotele, atrakcje turystyczne i obiekty us\u0142ugowe"},"content":{"rendered":"<style>.kb-row-layout-wrap.wp-block-kadence-rowlayout.kb-row-layout-id1280_23628d-93{margin-bottom:var(--global-kb-spacing-sm, 1.5rem);}.kb-row-layout-id1280_23628d-93 > .kt-row-column-wrap{align-content:start;}:where(.kb-row-layout-id1280_23628d-93 > .kt-row-column-wrap) > .wp-block-kadence-column{justify-content:start;}.kb-row-layout-id1280_23628d-93 > .kt-row-column-wrap{column-gap:var(--global-kb-gap-md, 2rem);row-gap:var(--global-kb-gap-md, 2rem);padding-top:var(--global-kb-spacing-sm, 1.5rem);padding-bottom:var(--global-kb-spacing-sm, 1.5rem);grid-template-columns:minmax(0, 1fr);}.kb-row-layout-id1280_23628d-93{background-image:linear-gradient(180deg,rgb(43,128,184) 0%,rgb(84,77,124) 100%);}.kb-row-layout-id1280_23628d-93 > .kt-row-layout-overlay{opacity:0.30;}@media all and (max-width: 1024px){.kb-row-layout-id1280_23628d-93 > .kt-row-column-wrap{grid-template-columns:minmax(0, 1fr);}}@media all and (max-width: 767px){.kb-row-layout-id1280_23628d-93 > .kt-row-column-wrap{grid-template-columns:minmax(0, 1fr);}}<\/style><div class=\"kb-row-layout-wrap kb-row-layout-id1280_23628d-93 alignfull kt-row-has-bg wp-block-kadence-rowlayout\"><div class=\"kt-row-column-wrap kt-has-1-columns kt-row-layout-equal kt-tab-layout-inherit kt-mobile-layout-row kt-row-valign-top\">\n<style>.kadence-column1280_bdc435-b9 > .kt-inside-inner-col,.kadence-column1280_bdc435-b9 > .kt-inside-inner-col:before{border-top-left-radius:0px;border-top-right-radius:0px;border-bottom-right-radius:0px;border-bottom-left-radius:0px;}.kadence-column1280_bdc435-b9 > .kt-inside-inner-col{column-gap:var(--global-kb-gap-sm, 1rem);}.kadence-column1280_bdc435-b9 > .kt-inside-inner-col{flex-direction:column;}.kadence-column1280_bdc435-b9 > .kt-inside-inner-col > .aligncenter{width:100%;}.kadence-column1280_bdc435-b9 > .kt-inside-inner-col:before{opacity:0.3;}.kadence-column1280_bdc435-b9{position:relative;}@media all and (max-width: 1024px){.kadence-column1280_bdc435-b9 > .kt-inside-inner-col{flex-direction:column;justify-content:center;}}@media all and (max-width: 767px){.kadence-column1280_bdc435-b9 > .kt-inside-inner-col{flex-direction:column;justify-content:center;}}<\/style>\n<div class=\"wp-block-kadence-column kadence-column1280_bdc435-b9\"><div class=\"kt-inside-inner-col\">\n<div class=\"wp-block-columns is-layout-flex wp-container-core-columns-is-layout-9d6595d7 wp-block-columns-is-layout-flex\">\n<div class=\"wp-block-column is-layout-flow wp-block-column-is-layout-flow\" style=\"flex-basis:100%\">\n<div class=\"wp-block-group is-content-justification-center is-nowrap is-layout-flex wp-container-core-group-is-layout-94bc23d7 wp-block-group-is-layout-flex\">\n<figure class=\"wp-block-image size-full is-resized\"><img loading=\"lazy\" decoding=\"async\" width=\"500\" height=\"500\" src=\"https:\/\/www.tamtu.com.pl\/wp-content\/uploads\/2025\/11\/b.-hotele-i-obiekty-turystyczne-1.png\" alt=\"\" class=\"wp-image-1352\" style=\"width:492px;height:auto\" srcset=\"https:\/\/www.tamtu.com.pl\/wp-content\/uploads\/2025\/11\/b.-hotele-i-obiekty-turystyczne-1.png 500w, https:\/\/www.tamtu.com.pl\/wp-content\/uploads\/2025\/11\/b.-hotele-i-obiekty-turystyczne-1-300x300.png 300w, https:\/\/www.tamtu.com.pl\/wp-content\/uploads\/2025\/11\/b.-hotele-i-obiekty-turystyczne-1-150x150.png 150w\" sizes=\"auto, (max-width: 500px) 100vw, 500px\" \/><\/figure>\n\n\n\n<p class=\"has-theme-palette-9-color has-text-color has-link-color has-larger-font-size wp-elements-82eef215ec68368ed5d632311df89f33\"><strong>Hotele, atrakcje turystyczne i obiekty us\u0142ugowe<\/strong><\/p>\n<\/div>\n<\/div>\n<\/div>\n<\/div><\/div>\n\n<\/div><\/div>\n\n<style>.kadence-column1280_7ee94b-d2 > .kt-inside-inner-col,.kadence-column1280_7ee94b-d2 > .kt-inside-inner-col:before{border-top-left-radius:0px;border-top-right-radius:0px;border-bottom-right-radius:0px;border-bottom-left-radius:0px;}.kadence-column1280_7ee94b-d2 > .kt-inside-inner-col{column-gap:var(--global-kb-gap-sm, 1rem);}.kadence-column1280_7ee94b-d2 > .kt-inside-inner-col{flex-direction:column;}.kadence-column1280_7ee94b-d2 > .kt-inside-inner-col > .aligncenter{width:100%;}.kadence-column1280_7ee94b-d2 > .kt-inside-inner-col{background-color:var(--global-palette7, #EDF2F7);}.kadence-column1280_7ee94b-d2 > .kt-inside-inner-col:before{opacity:0.3;}.kadence-column1280_7ee94b-d2{position:relative;}@media all and (max-width: 1024px){.kadence-column1280_7ee94b-d2 > .kt-inside-inner-col{flex-direction:column;justify-content:center;}}@media all and (max-width: 767px){.kadence-column1280_7ee94b-d2 > .kt-inside-inner-col{flex-direction:column;justify-content:center;}}<\/style>\n<div class=\"wp-block-kadence-column kadence-column1280_7ee94b-d2\"><div class=\"kt-inside-inner-col\">\n<p class=\"has-theme-palette-3-color has-text-color has-link-color wp-elements-5ab9a4df96bcbdff62e349e4531a9ab8\">Twoja oferta zlewa si\u0119 z konkurencj\u0105?<\/p>\n\n\n\n<p class=\"has-theme-palette-3-color has-text-color has-link-color wp-elements-fb3e4c8884e7e63bc79aa70e509efe22\">Go\u015bcie szukaj\u0105 \u201cczego\u015b wi\u0119cej\u201d, ale trudno im to zaoferowa\u0107 bez du\u017cych koszt\u00f3w?<\/p>\n\n\n\n<p class=\"has-theme-palette-3-color has-text-color has-link-color wp-elements-04d435853339f2619b57604b93bc5032\">Chcesz, by odwiedzaj\u0105cy wracali i polecali Tw\u00f3j obiekt dalej?<\/p>\n\n\n\n<p class=\"has-theme-palette-3-color has-text-color has-link-color wp-elements-b17fbddd3af09d87bf7f1e8020be3b61\">Szukasz sposobu, by pokaza\u0107 region i w\u0142\u0105czy\u0107 lokalne atrakcje do oferty?<\/p>\n\n\n\n<p class=\"has-theme-palette-3-color has-text-color has-link-color wp-elements-33f462071e86885da5fd81f0ed85fa84\">Brakuje Ci narz\u0119dzia, kt\u00f3re zwi\u0119kszy widoczno\u015b\u0107 Twojego miejsca online i offline?<\/p>\n<\/div><\/div>\n\n\n\n<h2 class=\"wp-block-heading\">TamTu pomo\u017ce Ci:<\/h2>\n\n\n<style>.wp-block-kadence-iconlist.kt-svg-icon-list-items1280_8119aa-22:not(.this-stops-third-party-issues){margin-top:0px;margin-bottom:0px;}.wp-block-kadence-iconlist.kt-svg-icon-list-items1280_8119aa-22 ul.kt-svg-icon-list:not(.this-prevents-issues):not(.this-stops-third-party-issues):not(.tijsloc){margin-top:0px;margin-right:0px;margin-bottom:var(--global-kb-spacing-sm, 1.5rem);margin-left:0px;}.wp-block-kadence-iconlist.kt-svg-icon-list-items1280_8119aa-22 ul.kt-svg-icon-list{grid-row-gap:5px;}.wp-block-kadence-iconlist.kt-svg-icon-list-items1280_8119aa-22 ul.kt-svg-icon-list .kt-svg-icon-list-item-wrap .kt-svg-icon-list-single{margin-right:10px;}.kt-svg-icon-list-items1280_8119aa-22 ul.kt-svg-icon-list .kt-svg-icon-list-level-0 .kt-svg-icon-list-single svg{font-size:20px;}<\/style>\n<div class=\"wp-block-kadence-iconlist kt-svg-icon-list-items kt-svg-icon-list-items1280_8119aa-22 kt-svg-icon-list-columns-1 alignnone\"><ul class=\"kt-svg-icon-list\"><style>.kt-svg-icon-list-item-1280_5ababd-91 .kt-svg-icon-list-text mark.kt-highlight{background-color:unset;font-style:normal;color:#f76a0c;-webkit-box-decoration-break:clone;box-decoration-break:clone;padding-top:0px;padding-right:0px;padding-bottom:0px;padding-left:0px;}<\/style>\n<li class=\"wp-block-kadence-listitem kt-svg-icon-list-item-wrap kt-svg-icon-list-item-1280_5ababd-91\"><span class=\"kb-svg-icon-wrap kb-svg-icon-fe_award kt-svg-icon-list-single\"><svg viewBox=\"0 0 24 24\"  fill=\"none\" stroke=\"currentColor\" stroke-width=\"2\" stroke-linecap=\"round\" stroke-linejoin=\"round\" xmlns=\"http:\/\/www.w3.org\/2000\/svg\"  aria-hidden=\"true\"><circle cx=\"12\" cy=\"8\" r=\"7\"\/><polyline points=\"8.21 13.89 7 23 12 20 17 23 15.79 13.88\"\/><\/svg><\/span><span class=\"kt-svg-icon-list-text\"><mark style=\"background-color:rgba(0, 0, 0, 0)\" class=\"has-inline-color has-theme-palette-3-color\"><strong>stworzy\u0107 unikaln\u0105 atrakcj\u0119 dla turyst\u00f3w<br><\/strong>\u2013 przewaga konkurencyjna + wi\u0119ksza lojalno\u015b\u0107 go\u015bci<\/mark><\/span><\/li>\n\n\n<style>.kt-svg-icon-list-item-1280_cc1450-d7 .kt-svg-icon-list-text mark.kt-highlight{background-color:unset;font-style:normal;color:#f76a0c;-webkit-box-decoration-break:clone;box-decoration-break:clone;padding-top:0px;padding-right:0px;padding-bottom:0px;padding-left:0px;}<\/style>\n<li class=\"wp-block-kadence-listitem kt-svg-icon-list-item-wrap kt-svg-icon-list-item-1280_cc1450-d7\"><span class=\"kb-svg-icon-wrap kb-svg-icon-fe_award kt-svg-icon-list-single\"><svg viewBox=\"0 0 24 24\"  fill=\"none\" stroke=\"currentColor\" stroke-width=\"2\" stroke-linecap=\"round\" stroke-linejoin=\"round\" xmlns=\"http:\/\/www.w3.org\/2000\/svg\"  aria-hidden=\"true\"><circle cx=\"12\" cy=\"8\" r=\"7\"\/><polyline points=\"8.21 13.89 7 23 12 20 17 23 15.79 13.88\"\/><\/svg><\/span><span class=\"kt-svg-icon-list-text\"><mark style=\"background-color:rgba(0, 0, 0, 0)\" class=\"has-inline-color has-theme-palette-3-color\"><strong>promowa\u0107 Tw\u00f3j region oraz turystyk\u0119 lokaln\u0105<br><\/strong>\u2013 gry odkrywaj\u0105 okolic\u0119 i anga\u017cuj\u0105 lokalne atrakcje<\/mark><\/span><\/li>\n\n\n<style>.kt-svg-icon-list-item-1280_36b77e-54 .kt-svg-icon-list-text mark.kt-highlight{background-color:unset;font-style:normal;color:#f76a0c;-webkit-box-decoration-break:clone;box-decoration-break:clone;padding-top:0px;padding-right:0px;padding-bottom:0px;padding-left:0px;}<\/style>\n<li class=\"wp-block-kadence-listitem kt-svg-icon-list-item-wrap kt-svg-icon-list-item-1280_36b77e-54\"><span class=\"kb-svg-icon-wrap kb-svg-icon-fe_award kt-svg-icon-list-single\"><svg viewBox=\"0 0 24 24\"  fill=\"none\" stroke=\"currentColor\" stroke-width=\"2\" stroke-linecap=\"round\" stroke-linejoin=\"round\" xmlns=\"http:\/\/www.w3.org\/2000\/svg\"  aria-hidden=\"true\"><circle cx=\"12\" cy=\"8\" r=\"7\"\/><polyline points=\"8.21 13.89 7 23 12 20 17 23 15.79 13.88\"\/><\/svg><\/span><span class=\"kt-svg-icon-list-text\"><mark style=\"background-color:rgba(0, 0, 0, 0)\" class=\"has-inline-color has-theme-palette-3-color\"><strong>wzbogaci\u0107 Twoj\u0105 ofert\u0119 o nowe produkty<br><\/strong>\u2013 przyk\u0142adowo pakiety nocleg + gra = upselling<\/mark><\/span><\/li>\n\n\n<style>.kt-svg-icon-list-item-1280_49827d-56 .kt-svg-icon-list-text mark.kt-highlight{background-color:unset;font-style:normal;color:#f76a0c;-webkit-box-decoration-break:clone;box-decoration-break:clone;padding-top:0px;padding-right:0px;padding-bottom:0px;padding-left:0px;}<\/style>\n<li class=\"wp-block-kadence-listitem kt-svg-icon-list-item-wrap kt-svg-icon-list-item-1280_49827d-56\"><span class=\"kb-svg-icon-wrap kb-svg-icon-fe_award kt-svg-icon-list-single\"><svg viewBox=\"0 0 24 24\"  fill=\"none\" stroke=\"currentColor\" stroke-width=\"2\" stroke-linecap=\"round\" stroke-linejoin=\"round\" xmlns=\"http:\/\/www.w3.org\/2000\/svg\"  aria-hidden=\"true\"><circle cx=\"12\" cy=\"8\" r=\"7\"\/><polyline points=\"8.21 13.89 7 23 12 20 17 23 15.79 13.88\"\/><\/svg><\/span><span class=\"kt-svg-icon-list-text\"><mark style=\"background-color:rgba(0, 0, 0, 0)\" class=\"has-inline-color has-theme-palette-3-color\"><strong>zwi\u0119kszy\u0107 zasi\u0119g marketingowy<br><\/strong>\u2013 social share + polecenia + real marketing experience<\/mark><\/span><\/li>\n<\/ul><\/div>\n\n\n\n<h2 class=\"wp-block-heading\">A Ty?<\/h2>\n\n\n<style>.wp-block-kadence-iconlist.kt-svg-icon-list-items1280_da3682-41:not(.this-stops-third-party-issues){margin-top:0px;margin-bottom:0px;}.wp-block-kadence-iconlist.kt-svg-icon-list-items1280_da3682-41 ul.kt-svg-icon-list:not(.this-prevents-issues):not(.this-stops-third-party-issues):not(.tijsloc){margin-top:0px;margin-right:0px;margin-bottom:var(--global-kb-spacing-sm, 1.5rem);margin-left:0px;}.wp-block-kadence-iconlist.kt-svg-icon-list-items1280_da3682-41 ul.kt-svg-icon-list{grid-row-gap:5px;}.wp-block-kadence-iconlist.kt-svg-icon-list-items1280_da3682-41 ul.kt-svg-icon-list .kt-svg-icon-list-item-wrap .kt-svg-icon-list-single{margin-right:10px;}.kt-svg-icon-list-items1280_da3682-41 ul.kt-svg-icon-list .kt-svg-icon-list-level-0 .kt-svg-icon-list-single svg{font-size:20px;}<\/style>\n<div class=\"wp-block-kadence-iconlist kt-svg-icon-list-items kt-svg-icon-list-items1280_da3682-41 kt-svg-icon-list-columns-1 alignnone\"><ul class=\"kt-svg-icon-list\"><style>.kt-svg-icon-list-item-1280_9f4cc9-d2 .kt-svg-icon-list-text mark.kt-highlight{background-color:unset;font-style:normal;color:#f76a0c;-webkit-box-decoration-break:clone;box-decoration-break:clone;padding-top:0px;padding-right:0px;padding-bottom:0px;padding-left:0px;}<\/style>\n<li class=\"wp-block-kadence-listitem kt-svg-icon-list-item-wrap kt-svg-icon-list-item-1280_9f4cc9-d2\"><span class=\"kb-svg-icon-wrap kb-svg-icon-fe_checkCircle kt-svg-icon-list-single\"><svg viewBox=\"0 0 24 24\"  fill=\"none\" stroke=\"currentColor\" stroke-width=\"2\" stroke-linecap=\"round\" stroke-linejoin=\"round\" xmlns=\"http:\/\/www.w3.org\/2000\/svg\"  aria-hidden=\"true\"><path d=\"M22 11.08V12a10 10 0 1 1-5.93-9.14\"\/><polyline points=\"22 4 12 14.01 9 11.01\"\/><\/svg><\/span><span class=\"kt-svg-icon-list-text\"><mark style=\"background-color:rgba(0, 0, 0, 0)\" class=\"has-inline-color has-theme-palette-3-color\"><strong>zyskasz nowe unikatow\u0105 atrakcj\u0119 gotow\u0105 do w\u0142\u0105czenia w ofert\u0119 praktycznie od razu<\/strong><br>\u2013 gry proste do wdro\u017cenia z gotowymi scenariuszami, minimum dzia\u0142a\u0144 personelu\u00a0<br>Mo\u017cesz oferowa\u0107 spersonalizowane, integracyjne gry miejskie dostosowane do potrzeb Klienta\/Firmy.\u00a0<\/mark><\/span><\/li>\n\n\n<style>.kt-svg-icon-list-item-1280_a9b1de-ad .kt-svg-icon-list-text mark.kt-highlight{background-color:unset;font-style:normal;color:#f76a0c;-webkit-box-decoration-break:clone;box-decoration-break:clone;padding-top:0px;padding-right:0px;padding-bottom:0px;padding-left:0px;}<\/style>\n<li class=\"wp-block-kadence-listitem kt-svg-icon-list-item-wrap kt-svg-icon-list-item-1280_a9b1de-ad\"><span class=\"kb-svg-icon-wrap kb-svg-icon-fe_checkCircle kt-svg-icon-list-single\"><svg viewBox=\"0 0 24 24\"  fill=\"none\" stroke=\"currentColor\" stroke-width=\"2\" stroke-linecap=\"round\" stroke-linejoin=\"round\" xmlns=\"http:\/\/www.w3.org\/2000\/svg\"  aria-hidden=\"true\"><path d=\"M22 11.08V12a10 10 0 1 1-5.93-9.14\"\/><polyline points=\"22 4 12 14.01 9 11.01\"\/><\/svg><\/span><span class=\"kt-svg-icon-list-text\"><mark style=\"background-color:rgba(0, 0, 0, 0)\" class=\"has-inline-color has-theme-palette-3-color\"><strong>TamTu &#8211; odkrywaj, wyr\u00f3\u017cniaj si\u0119, przyci\u0105gaj.<\/strong><\/mark><\/span><\/li>\n<\/ul><\/div>\n\n\n\n<p class=\"has-text-align-center\"><strong><mark style=\"background-color:rgba(0, 0, 0, 0)\" class=\"has-inline-color has-theme-palette-3-color\">Chcesz dowiedzie\u0107 si\u0119, jak rozpocz\u0105\u0107 wsp\u00f3\u0142prac\u0119?<\/mark><\/strong><\/p>\n\n\n<style>.wp-block-kadence-advancedbtn.kb-btns1280_2a3bde-d6{gap:var(--global-kb-gap-xs, 0.5rem );justify-content:center;align-items:center;}.kt-btns1280_2a3bde-d6 .kt-button{font-weight:normal;font-style:normal;}.kt-btns1280_2a3bde-d6 .kt-btn-wrap-0{margin-right:5px;}.wp-block-kadence-advancedbtn.kt-btns1280_2a3bde-d6 .kt-btn-wrap-0 .kt-button{color:#555555;border-color:#555555;}.wp-block-kadence-advancedbtn.kt-btns1280_2a3bde-d6 .kt-btn-wrap-0 .kt-button:hover, .wp-block-kadence-advancedbtn.kt-btns1280_2a3bde-d6 .kt-btn-wrap-0 .kt-button:focus{color:#ffffff;border-color:#444444;}.wp-block-kadence-advancedbtn.kt-btns1280_2a3bde-d6 .kt-btn-wrap-0 .kt-button::before{display:none;}.wp-block-kadence-advancedbtn.kt-btns1280_2a3bde-d6 .kt-btn-wrap-0 .kt-button:hover, .wp-block-kadence-advancedbtn.kt-btns1280_2a3bde-d6 .kt-btn-wrap-0 .kt-button:focus{background:#444444;}<\/style>\n<div class=\"wp-block-kadence-advancedbtn kb-buttons-wrap kb-btns1280_2a3bde-d6\"><style>ul.menu .wp-block-kadence-advancedbtn .kb-btn1280_e02441-1b.kb-button{width:initial;}.wp-block-kadence-advancedbtn .kb-btn1280_e02441-1b.kb-button{background:linear-gradient(0deg,rgb(84,77,124) 0%,rgb(43,128,184) 100%) !important;}.kb-btn1280_e02441-1b.kb-button::before{background:#2b80b8;-webkit-transition:opacity .3s ease-in-out;-moz-transition:opacity .3s ease-in-out;transition:opacity .3s ease-in-out;}<\/style><a class=\"kb-button kt-button button kb-btn1280_e02441-1b kt-btn-size-standard kt-btn-width-type-auto kb-btn-global-fill  kt-btn-has-text-true kt-btn-has-svg-false  wp-block-kadence-singlebtn\" href=\"https:\/\/www.tamtu.com.pl\/index.php\/kontakt\/\"><span class=\"kt-btn-inner-text\"><strong>Skontaktuj si\u0119 z nami \u2013 ch\u0119tnie opowiemy i pomo\u017cemy zacz\u0105\u0107!<\/strong><\/span><\/a><\/div>\n\n\n\n<p><\/p>\n","protected":false},"excerpt":{"rendered":"<p>Hotele, atrakcje turystyczne i obiekty us\u0142ugowe Twoja oferta zlewa si\u0119 z konkurencj\u0105? Go\u015bcie szukaj\u0105 \u201cczego\u015b wi\u0119cej\u201d, ale trudno im to zaoferowa\u0107 bez du\u017cych koszt\u00f3w? Chcesz, by odwiedzaj\u0105cy wracali i polecali Tw\u00f3j obiekt dalej? Szukasz sposobu, by pokaza\u0107 region i w\u0142\u0105czy\u0107 lokalne atrakcje do oferty? Brakuje Ci narz\u0119dzia, kt\u00f3re zwi\u0119kszy widoczno\u015b\u0107 Twojego miejsca online i offline?&#8230;<\/p>\n","protected":false},"author":1,"featured_media":0,"parent":0,"menu_order":0,"comment_status":"closed","ping_status":"closed","template":"","meta":{"_eb_attr":"","_kb_optimizer_status":0,"_kadence_starter_templates_imported_post":false,"_kad_post_transparent":"","_kad_post_title":"","_kad_post_layout":"","_kad_post_sidebar_id":"","_kad_post_content_style":"","_kad_post_vertical_padding":"","_kad_post_feature":"","_kad_post_feature_position":"","_kad_post_header":false,"_kad_post_footer":false,"_kad_post_classname":"","footnotes":""},"class_list":["post-1280","page","type-page","status-publish","hentry"],"_links":{"self":[{"href":"https:\/\/www.tamtu.com.pl\/index.php\/wp-json\/wp\/v2\/pages\/1280","targetHints":{"allow":["GET"]}}],"collection":[{"href":"https:\/\/www.tamtu.com.pl\/index.php\/wp-json\/wp\/v2\/pages"}],"about":[{"href":"https:\/\/www.tamtu.com.pl\/index.php\/wp-json\/wp\/v2\/types\/page"}],"author":[{"embeddable":true,"href":"https:\/\/www.tamtu.com.pl\/index.php\/wp-json\/wp\/v2\/users\/1"}],"replies":[{"embeddable":true,"href":"https:\/\/www.tamtu.com.pl\/index.php\/wp-json\/wp\/v2\/comments?post=1280"}],"version-history":[{"count":2,"href":"https:\/\/www.tamtu.com.pl\/index.php\/wp-json\/wp\/v2\/pages\/1280\/revisions"}],"predecessor-version":[{"id":1354,"href":"https:\/\/www.tamtu.com.pl\/index.php\/wp-json\/wp\/v2\/pages\/1280\/revisions\/1354"}],"wp:attachment":[{"href":"https:\/\/www.tamtu.com.pl\/index.php\/wp-json\/wp\/v2\/media?parent=1280"}],"curies":[{"name":"wp","href":"https:\/\/api.w.org\/{rel}","templated":true}]}}